{"id":1047,"date":"2026-02-01T14:41:08","date_gmt":"2026-02-01T13:41:08","guid":{"rendered":"http:\/\/hitrecords.digesthub.com\/proizvod\/nema-bolje\/"},"modified":"2026-02-01T14:41:08","modified_gmt":"2026-02-01T13:41:08","slug":"nema-bolje","status":"publish","type":"product","link":"https:\/\/webshop.hitrecords.hr\/?product=nema-bolje","title":{"rendered":"NEMA BOLJE"},"content":{"rendered":"<p>Popis pjesama:<br \/>\n1.\tMiljacka &#8211; Halid Be\u0161li\u0107<br \/>\n2.\tBi\u017euterija &#8211; Jelena Rozga<br \/>\n3.\tBolja od najbolje &#8211; Ivan Zak<br \/>\n4.\tNa balkanu &#8211; Neda Ukraden<br \/>\n5.\tUzmi sve &#8211; Baruni<br \/>\n6.\tSiromah sam, nije me sramota &#8211; Zlatko Pejakovi\u0107<br \/>\n7.\tKrevet od ru\u017ea &#8211; Leo<br \/>\n8.\tGdje mi ljubav spava &#8211; Armin<br \/>\n9.\tLjubavna adresa &#8211; \u017deljko Samard\u017ei\u0107<br \/>\n10.\tNevaljala &#8211; Maja \u0160uput<br \/>\n11.\tZora &#8211; Dra\u017een Ze\u010di\u0107<br \/>\n12.\tNemirna(biti lud) ? Sandi Cenov<br \/>\n13.\tSamac &#8211; Jole<br \/>\n14.\tKemija &#8211; Magazin<br \/>\n15.\tNemoj se udavati &#8211; Jasmin Stavros<\/p>\n","protected":false},"excerpt":{"rendered":"<p>Popis pjesama: 1. Miljacka &#8211; Halid Be\u0161li\u0107 2. Bi\u017euterija &#8211; Jelena Rozga 3. Bolja od najbolje &#8211; Ivan Zak 4. Na balkanu &#8211; Neda Ukraden 5. Uzmi sve &#8211; Baruni 6. Siromah sam, nije me sramota &#8211; Zlatko Pejakovi\u0107 7. Krevet od ru\u017ea &#8211; Leo 8. Gdje mi ljubav spava &#8211; Armin 9. Ljubavna adresa [&hellip;]<\/p>\n","protected":false},"featured_media":1048,"comment_status":"open","ping_status":"closed","template":"","meta":[],"product_brand":[],"product_cat":[31],"product_tag":[],"class_list":{"0":"post-1047","1":"product","2":"type-product","3":"status-publish","4":"has-post-thumbnail","6":"product_cat-cd","8":"first","9":"instock","10":"shipping-taxable","11":"purchasable","12":"product-type-simple"},"_links":{"self":[{"href":"https:\/\/webshop.hitrecords.hr\/index.php?rest_route=\/wp\/v2\/product\/1047","targetHints":{"allow":["GET"]}}],"collection":[{"href":"https:\/\/webshop.hitrecords.hr\/index.php?rest_route=\/wp\/v2\/product"}],"about":[{"href":"https:\/\/webshop.hitrecords.hr\/index.php?rest_route=\/wp\/v2\/types\/product"}],"replies":[{"embeddable":true,"href":"https:\/\/webshop.hitrecords.hr\/index.php?rest_route=%2Fwp%2Fv2%2Fcomments&post=1047"}],"wp:featuredmedia":[{"embeddable":true,"href":"https:\/\/webshop.hitrecords.hr\/index.php?rest_route=\/wp\/v2\/media\/1048"}],"wp:attachment":[{"href":"https:\/\/webshop.hitrecords.hr\/index.php?rest_route=%2Fwp%2Fv2%2Fmedia&parent=1047"}],"wp:term":[{"taxonomy":"product_brand","embeddable":true,"href":"https:\/\/webshop.hitrecords.hr\/index.php?rest_route=%2Fwp%2Fv2%2Fproduct_brand&post=1047"},{"taxonomy":"product_cat","embeddable":true,"href":"https:\/\/webshop.hitrecords.hr\/index.php?rest_route=%2Fwp%2Fv2%2Fproduct_cat&post=1047"},{"taxonomy":"product_tag","embeddable":true,"href":"https:\/\/webshop.hitrecords.hr\/index.php?rest_route=%2Fwp%2Fv2%2Fproduct_tag&post=1047"}],"curies":[{"name":"wp","href":"https:\/\/api.w.org\/{rel}","templated":true}]}}