{"id":1115,"date":"2026-02-01T14:41:14","date_gmt":"2026-02-01T13:41:14","guid":{"rendered":"http:\/\/hitrecords.digesthub.com\/proizvod\/sreca\/"},"modified":"2026-02-01T14:41:14","modified_gmt":"2026-02-01T13:41:14","slug":"sreca","status":"publish","type":"product","link":"https:\/\/webshop.hitrecords.hr\/?product=sreca","title":{"rendered":"SRE\u0106A"},"content":{"rendered":"<p>Popis pjesama:<br \/>\n1.\tAzra<br \/>\n2.\tSre\u0107a(gitara)<br \/>\n3.\tLjubav<br \/>\n4.\tUplakanooka<br \/>\n5.\tTvoje je samo to \u0161to da\u0161<br \/>\n6.\tU znaku djevice<br \/>\n7.\tNe mogu ti re\u0107i \u0161to je tuga<br \/>\n8.\tZaigra srce moje<br \/>\n9.\tSve smo podijelili<br \/>\n10.\tBomba<br \/>\n11.\tStope da ti ljubim<br \/>\n12.\tJutros mi je ru\u017ea procvjetala<\/p>\n","protected":false},"excerpt":{"rendered":"<p>Popis pjesama: 1. Azra 2. Sre\u0107a(gitara) 3. Ljubav 4. Uplakanooka 5. Tvoje je samo to \u0161to da\u0161 6. U znaku djevice 7. Ne mogu ti re\u0107i \u0161to je tuga 8. Zaigra srce moje 9. Sve smo podijelili 10. Bomba 11. Stope da ti ljubim 12. Jutros mi je ru\u017ea procvjetala<\/p>\n","protected":false},"featured_media":1116,"comment_status":"open","ping_status":"closed","template":"","meta":[],"product_brand":[],"product_cat":[31],"product_tag":[],"class_list":{"0":"post-1115","1":"product","2":"type-product","3":"status-publish","4":"has-post-thumbnail","6":"product_cat-cd","8":"first","9":"instock","10":"shipping-taxable","11":"purchasable","12":"product-type-simple"},"_links":{"self":[{"href":"https:\/\/webshop.hitrecords.hr\/index.php?rest_route=\/wp\/v2\/product\/1115","targetHints":{"allow":["GET"]}}],"collection":[{"href":"https:\/\/webshop.hitrecords.hr\/index.php?rest_route=\/wp\/v2\/product"}],"about":[{"href":"https:\/\/webshop.hitrecords.hr\/index.php?rest_route=\/wp\/v2\/types\/product"}],"replies":[{"embeddable":true,"href":"https:\/\/webshop.hitrecords.hr\/index.php?rest_route=%2Fwp%2Fv2%2Fcomments&post=1115"}],"wp:featuredmedia":[{"embeddable":true,"href":"https:\/\/webshop.hitrecords.hr\/index.php?rest_route=\/wp\/v2\/media\/1116"}],"wp:attachment":[{"href":"https:\/\/webshop.hitrecords.hr\/index.php?rest_route=%2Fwp%2Fv2%2Fmedia&parent=1115"}],"wp:term":[{"taxonomy":"product_brand","embeddable":true,"href":"https:\/\/webshop.hitrecords.hr\/index.php?rest_route=%2Fwp%2Fv2%2Fproduct_brand&post=1115"},{"taxonomy":"product_cat","embeddable":true,"href":"https:\/\/webshop.hitrecords.hr\/index.php?rest_route=%2Fwp%2Fv2%2Fproduct_cat&post=1115"},{"taxonomy":"product_tag","embeddable":true,"href":"https:\/\/webshop.hitrecords.hr\/index.php?rest_route=%2Fwp%2Fv2%2Fproduct_tag&post=1115"}],"curies":[{"name":"wp","href":"https:\/\/api.w.org\/{rel}","templated":true}]}}