{"id":1139,"date":"2026-02-01T14:41:17","date_gmt":"2026-02-01T13:41:17","guid":{"rendered":"http:\/\/hitrecords.digesthub.com\/proizvod\/zaustavite-zemlju\/"},"modified":"2026-02-01T14:41:17","modified_gmt":"2026-02-01T13:41:17","slug":"zaustavite-zemlju","status":"publish","type":"product","link":"https:\/\/webshop.hitrecords.hr\/?product=zaustavite-zemlju","title":{"rendered":"ZAUSTAVITE ZEMLJU"},"content":{"rendered":"<p>Popis pjesama:<br \/>\n1.\tZaustavite zemlju<br \/>\n2.\tBje\u017ei ptico od mene<br \/>\n3.\t&#8230;&#8230;Mojoj majci<br \/>\n4.\tMarina<br \/>\n5.\tMoj bijeli labude<br \/>\n6.\tPrislu\u0161kuju nas susjedi<br \/>\n7.\tSla\u017ei mi<br \/>\n8.\t449(Svaki put kad odlazi\u0161)<br \/>\n9.\tBudala malena<br \/>\n10.\tVlakovi<\/p>\n","protected":false},"excerpt":{"rendered":"<p>Popis pjesama: 1. Zaustavite zemlju 2. Bje\u017ei ptico od mene 3. &#8230;&#8230;Mojoj majci 4. Marina 5. Moj bijeli labude 6. Prislu\u0161kuju nas susjedi 7. Sla\u017ei mi 8. 449(Svaki put kad odlazi\u0161) 9. Budala malena 10. Vlakovi<\/p>\n","protected":false},"featured_media":1140,"comment_status":"open","ping_status":"closed","template":"","meta":[],"product_brand":[],"product_cat":[31],"product_tag":[],"class_list":{"0":"post-1139","1":"product","2":"type-product","3":"status-publish","4":"has-post-thumbnail","6":"product_cat-cd","8":"first","9":"instock","10":"shipping-taxable","11":"purchasable","12":"product-type-simple"},"_links":{"self":[{"href":"https:\/\/webshop.hitrecords.hr\/index.php?rest_route=\/wp\/v2\/product\/1139","targetHints":{"allow":["GET"]}}],"collection":[{"href":"https:\/\/webshop.hitrecords.hr\/index.php?rest_route=\/wp\/v2\/product"}],"about":[{"href":"https:\/\/webshop.hitrecords.hr\/index.php?rest_route=\/wp\/v2\/types\/product"}],"replies":[{"embeddable":true,"href":"https:\/\/webshop.hitrecords.hr\/index.php?rest_route=%2Fwp%2Fv2%2Fcomments&post=1139"}],"wp:featuredmedia":[{"embeddable":true,"href":"https:\/\/webshop.hitrecords.hr\/index.php?rest_route=\/wp\/v2\/media\/1140"}],"wp:attachment":[{"href":"https:\/\/webshop.hitrecords.hr\/index.php?rest_route=%2Fwp%2Fv2%2Fmedia&parent=1139"}],"wp:term":[{"taxonomy":"product_brand","embeddable":true,"href":"https:\/\/webshop.hitrecords.hr\/index.php?rest_route=%2Fwp%2Fv2%2Fproduct_brand&post=1139"},{"taxonomy":"product_cat","embeddable":true,"href":"https:\/\/webshop.hitrecords.hr\/index.php?rest_route=%2Fwp%2Fv2%2Fproduct_cat&post=1139"},{"taxonomy":"product_tag","embeddable":true,"href":"https:\/\/webshop.hitrecords.hr\/index.php?rest_route=%2Fwp%2Fv2%2Fproduct_tag&post=1139"}],"curies":[{"name":"wp","href":"https:\/\/api.w.org\/{rel}","templated":true}]}}