{"id":1149,"date":"2026-02-01T14:41:18","date_gmt":"2026-02-01T13:41:18","guid":{"rendered":"http:\/\/hitrecords.digesthub.com\/proizvod\/pjesme-ljubavne\/"},"modified":"2026-02-01T14:41:18","modified_gmt":"2026-02-01T13:41:18","slug":"pjesme-ljubavne","status":"publish","type":"product","link":"https:\/\/webshop.hitrecords.hr\/?product=pjesme-ljubavne","title":{"rendered":"PJESME LJUBAVNE"},"content":{"rendered":"<p>Popis pjesama:<br \/>\n1.\tSrce nije kamen\t &#8211; To\u0161e Proeski<br \/>\n2.\tLejla &#8211; Hari Mata Hari<br \/>\n3.\tRijeka ljubavi &#8211; Tony Cetinski<br \/>\n4.\tPrava ljubav &#8211; Lana Jur\u010devi\u0107 i Luka Ni\u017eeti\u0107<br \/>\n5.\tNeka ljudi govore &#8211; Vesna Pisarovi\u0107<br \/>\n6.\tS ove strane ljubavi &#8211; ITD band<br \/>\n7.\tA \u0161ta da radim &#8211; Azra<br \/>\n8.\tSamo sje\u0107anja &#8211; Parni valjak<br \/>\n9.\tZaklet \u0107u se &#8211; Alen Islamovi\u0107<br \/>\n10.\tMoj bijeli labude &#8211; Prljavo kazali\u0161te<br \/>\n11.\tTvoja ljubav &#8211; Miroslav Rus<br \/>\n12.\tAko vara\u0161 &#8211; Leo<br \/>\n13.\tApsolutno sve &#8211; Dado Topi\u0107<br \/>\n14.\tNasloni glavu na moje rame &#8211; Tutti frutti band<br \/>\n15.\tPrelijepo da bi trajalo &#8211; Vlatka Pokos<br \/>\n16.\tOna je \u010disti zakon &#8211; Ruswaj<br \/>\n17.\tZauvik san te prekri\u017eija &#8211; Igor Ivanovi\u0107<br \/>\n18.\tNa putu od sna &#8211; Jelena Domazet<\/p>\n","protected":false},"excerpt":{"rendered":"<p>Popis pjesama: 1. Srce nije kamen &#8211; To\u0161e Proeski 2. Lejla &#8211; Hari Mata Hari 3. Rijeka ljubavi &#8211; Tony Cetinski 4. Prava ljubav &#8211; Lana Jur\u010devi\u0107 i Luka Ni\u017eeti\u0107 5. Neka ljudi govore &#8211; Vesna Pisarovi\u0107 6. S ove strane ljubavi &#8211; ITD band 7. A \u0161ta da radim &#8211; Azra 8. Samo sje\u0107anja [&hellip;]<\/p>\n","protected":false},"featured_media":1150,"comment_status":"open","ping_status":"closed","template":"","meta":[],"product_brand":[],"product_cat":[31],"product_tag":[],"class_list":{"0":"post-1149","1":"product","2":"type-product","3":"status-publish","4":"has-post-thumbnail","6":"product_cat-cd","8":"first","9":"instock","10":"shipping-taxable","11":"purchasable","12":"product-type-simple"},"_links":{"self":[{"href":"https:\/\/webshop.hitrecords.hr\/index.php?rest_route=\/wp\/v2\/product\/1149","targetHints":{"allow":["GET"]}}],"collection":[{"href":"https:\/\/webshop.hitrecords.hr\/index.php?rest_route=\/wp\/v2\/product"}],"about":[{"href":"https:\/\/webshop.hitrecords.hr\/index.php?rest_route=\/wp\/v2\/types\/product"}],"replies":[{"embeddable":true,"href":"https:\/\/webshop.hitrecords.hr\/index.php?rest_route=%2Fwp%2Fv2%2Fcomments&post=1149"}],"wp:featuredmedia":[{"embeddable":true,"href":"https:\/\/webshop.hitrecords.hr\/index.php?rest_route=\/wp\/v2\/media\/1150"}],"wp:attachment":[{"href":"https:\/\/webshop.hitrecords.hr\/index.php?rest_route=%2Fwp%2Fv2%2Fmedia&parent=1149"}],"wp:term":[{"taxonomy":"product_brand","embeddable":true,"href":"https:\/\/webshop.hitrecords.hr\/index.php?rest_route=%2Fwp%2Fv2%2Fproduct_brand&post=1149"},{"taxonomy":"product_cat","embeddable":true,"href":"https:\/\/webshop.hitrecords.hr\/index.php?rest_route=%2Fwp%2Fv2%2Fproduct_cat&post=1149"},{"taxonomy":"product_tag","embeddable":true,"href":"https:\/\/webshop.hitrecords.hr\/index.php?rest_route=%2Fwp%2Fv2%2Fproduct_tag&post=1149"}],"curies":[{"name":"wp","href":"https:\/\/api.w.org\/{rel}","templated":true}]}}