{"id":1177,"date":"2026-02-01T14:41:20","date_gmt":"2026-02-01T13:41:20","guid":{"rendered":"http:\/\/hitrecords.digesthub.com\/proizvod\/najveci-hitovi-2\/"},"modified":"2026-02-01T14:41:20","modified_gmt":"2026-02-01T13:41:20","slug":"najveci-hitovi-2","status":"publish","type":"product","link":"https:\/\/webshop.hitrecords.hr\/?product=najveci-hitovi-2","title":{"rendered":"NAJVE\u0106I HITOVI 2"},"content":{"rendered":"<p>Popis pjesama:<br \/>\n1.\tDrugi joj raspli\u0107e kosu<br \/>\n2.\tO\u010di moje majke<br \/>\n3.\tNije vrijeme da se rastanemo<br \/>\n4.\tOdvest \u0107u te  na vjen\u010danje<br \/>\n5.\tMoram li da umrem<br \/>\n6.\tI do\u0111e dan<br \/>\n7.\tZeleno je zeleno<br \/>\n8.\tAko  srce mira nema<br \/>\n9.\t\u017divim danas, mislim na sutra<br \/>\n10.\tPonovo me voli<br \/>\n11.\tMeni treba tvoja ljubav<br \/>\n12.\tBit \u0107u daleko<br \/>\n13.\tNo\u0107 ti dira kose crne<br \/>\n14.\tProkleto je jutro sutra\u0161nje<br \/>\n15.\tKad \u010duje\u0161 pjesmu o svom rodnom kraju<br \/>\n16.\tNe idi<br \/>\n17.\tAko si po\u0161la spat<br \/>\n18.\tSino\u0107 kad sam ti pro\u0161a<\/p>\n","protected":false},"excerpt":{"rendered":"<p>Popis pjesama: 1. Drugi joj raspli\u0107e kosu 2. O\u010di moje majke 3. Nije vrijeme da se rastanemo 4. Odvest \u0107u te na vjen\u010danje 5. Moram li da umrem 6. I do\u0111e dan 7. Zeleno je zeleno 8. Ako srce mira nema 9. \u017divim danas, mislim na sutra 10. Ponovo me voli 11. Meni treba tvoja [&hellip;]<\/p>\n","protected":false},"featured_media":1178,"comment_status":"open","ping_status":"closed","template":"","meta":[],"product_brand":[],"product_cat":[31],"product_tag":[],"class_list":{"0":"post-1177","1":"product","2":"type-product","3":"status-publish","4":"has-post-thumbnail","6":"product_cat-cd","8":"first","9":"instock","10":"shipping-taxable","11":"purchasable","12":"product-type-simple"},"_links":{"self":[{"href":"https:\/\/webshop.hitrecords.hr\/index.php?rest_route=\/wp\/v2\/product\/1177","targetHints":{"allow":["GET"]}}],"collection":[{"href":"https:\/\/webshop.hitrecords.hr\/index.php?rest_route=\/wp\/v2\/product"}],"about":[{"href":"https:\/\/webshop.hitrecords.hr\/index.php?rest_route=\/wp\/v2\/types\/product"}],"replies":[{"embeddable":true,"href":"https:\/\/webshop.hitrecords.hr\/index.php?rest_route=%2Fwp%2Fv2%2Fcomments&post=1177"}],"wp:featuredmedia":[{"embeddable":true,"href":"https:\/\/webshop.hitrecords.hr\/index.php?rest_route=\/wp\/v2\/media\/1178"}],"wp:attachment":[{"href":"https:\/\/webshop.hitrecords.hr\/index.php?rest_route=%2Fwp%2Fv2%2Fmedia&parent=1177"}],"wp:term":[{"taxonomy":"product_brand","embeddable":true,"href":"https:\/\/webshop.hitrecords.hr\/index.php?rest_route=%2Fwp%2Fv2%2Fproduct_brand&post=1177"},{"taxonomy":"product_cat","embeddable":true,"href":"https:\/\/webshop.hitrecords.hr\/index.php?rest_route=%2Fwp%2Fv2%2Fproduct_cat&post=1177"},{"taxonomy":"product_tag","embeddable":true,"href":"https:\/\/webshop.hitrecords.hr\/index.php?rest_route=%2Fwp%2Fv2%2Fproduct_tag&post=1177"}],"curies":[{"name":"wp","href":"https:\/\/api.w.org\/{rel}","templated":true}]}}