{"id":1256,"date":"2026-02-01T14:41:27","date_gmt":"2026-02-01T13:41:27","guid":{"rendered":"http:\/\/hitrecords.digesthub.com\/proizvod\/hitomanija-2\/"},"modified":"2026-02-01T14:41:27","modified_gmt":"2026-02-01T13:41:27","slug":"hitomanija-2","status":"publish","type":"product","link":"https:\/\/webshop.hitrecords.hr\/?product=hitomanija-2","title":{"rendered":"HITOMANIJA 2"},"content":{"rendered":"<p>Popis pjesama:<br \/>\n1.\t\u010covjek od leda &#8211; Tony Cetinski<br \/>\n2.\tHypohondar &#8211; Vesna Pisarovi\u0107<br \/>\n3.\tNema nade &#8211; Colonia feat. Harem<br \/>\n4.\tMarina &#8211; Prljavo Kazali\u0161te<br \/>\n5.\tOna je tako prokleto mlada &#8211; Parni Valjak<br \/>\n6.\tSaloon &#8211; Miroslav Rus &amp; ITD band<br \/>\n7.\tNe \u0161alji la\u0111e &#8211; Goran Karan<br \/>\n8.\tVerba, nade\u017e, ljubov &#8211; Vlatko Stefanovski &amp; Gibonni<br \/>\n9.\tAko ode\u0161 ti &#8211; Nina Badri\u0107<br \/>\n10.\tNa dohvat ruke &#8211; Vlatka Pokos<br \/>\n11.\tZemljotres &#8211; Karma<br \/>\n12.\tOvo nije vrijeme za nas &#8211; Igor Ivanovi\u0107<br \/>\n13.\tOtkad te nema &#8211; Lana<br \/>\n14.\tI sve dok di\u0161en &#8211; Hari Ron\u010devi\u0107<br \/>\n15.\tApsolutno sve &#8211; Dado Topi\u0107<br \/>\n16.\tKosti i tilo &#8211; Bu\u0111enje<br \/>\n17.\tNa dlanu svijet &#8211; Neki to vole vru\u0107e<br \/>\n18.\tOprosti mi sve &#8211; \u017diva legenda<\/p>\n","protected":false},"excerpt":{"rendered":"<p>Popis pjesama: 1. \u010covjek od leda &#8211; Tony Cetinski 2. Hypohondar &#8211; Vesna Pisarovi\u0107 3. Nema nade &#8211; Colonia feat. Harem 4. Marina &#8211; Prljavo Kazali\u0161te 5. Ona je tako prokleto mlada &#8211; Parni Valjak 6. Saloon &#8211; Miroslav Rus &amp; ITD band 7. Ne \u0161alji la\u0111e &#8211; Goran Karan 8. Verba, nade\u017e, ljubov &#8211; [&hellip;]<\/p>\n","protected":false},"featured_media":1257,"comment_status":"open","ping_status":"closed","template":"","meta":[],"product_brand":[],"product_cat":[31],"product_tag":[],"class_list":{"0":"post-1256","1":"product","2":"type-product","3":"status-publish","4":"has-post-thumbnail","6":"product_cat-cd","8":"first","9":"instock","10":"shipping-taxable","11":"purchasable","12":"product-type-simple"},"_links":{"self":[{"href":"https:\/\/webshop.hitrecords.hr\/index.php?rest_route=\/wp\/v2\/product\/1256","targetHints":{"allow":["GET"]}}],"collection":[{"href":"https:\/\/webshop.hitrecords.hr\/index.php?rest_route=\/wp\/v2\/product"}],"about":[{"href":"https:\/\/webshop.hitrecords.hr\/index.php?rest_route=\/wp\/v2\/types\/product"}],"replies":[{"embeddable":true,"href":"https:\/\/webshop.hitrecords.hr\/index.php?rest_route=%2Fwp%2Fv2%2Fcomments&post=1256"}],"wp:featuredmedia":[{"embeddable":true,"href":"https:\/\/webshop.hitrecords.hr\/index.php?rest_route=\/wp\/v2\/media\/1257"}],"wp:attachment":[{"href":"https:\/\/webshop.hitrecords.hr\/index.php?rest_route=%2Fwp%2Fv2%2Fmedia&parent=1256"}],"wp:term":[{"taxonomy":"product_brand","embeddable":true,"href":"https:\/\/webshop.hitrecords.hr\/index.php?rest_route=%2Fwp%2Fv2%2Fproduct_brand&post=1256"},{"taxonomy":"product_cat","embeddable":true,"href":"https:\/\/webshop.hitrecords.hr\/index.php?rest_route=%2Fwp%2Fv2%2Fproduct_cat&post=1256"},{"taxonomy":"product_tag","embeddable":true,"href":"https:\/\/webshop.hitrecords.hr\/index.php?rest_route=%2Fwp%2Fv2%2Fproduct_tag&post=1256"}],"curies":[{"name":"wp","href":"https:\/\/api.w.org\/{rel}","templated":true}]}}