{"id":1306,"date":"2026-02-01T14:41:32","date_gmt":"2026-02-01T13:41:32","guid":{"rendered":"http:\/\/hitrecords.digesthub.com\/proizvod\/disem-za-nas\/"},"modified":"2026-02-01T14:41:32","modified_gmt":"2026-02-01T13:41:32","slug":"disem-za-nas","status":"publish","type":"product","link":"https:\/\/webshop.hitrecords.hr\/?product=disem-za-nas","title":{"rendered":"DI\u0160EM ZA NAS"},"content":{"rendered":"<p>1.\tDI\u0160EM ZA NAS<br \/>\n2.\tLJUBAVI<br \/>\n3.\tBILA JE BOLJA<br \/>\n4.\tSVE JE PROLAZNO OSIM TVOJE LJUBAVI<br \/>\n5.\tNEKAKO \u0106U TE PREBOLJETI<br \/>\n6.\tDAL&#8217; ON ZNA<br \/>\n7.\t\u010cUVAJ ME BO\u017dE<br \/>\n8.\tBALERINA OD STAKLA<br \/>\n9.\tSAD JE SVE DRUGA\u010cIJE<br \/>\n10.\tSVIJET SE PROMIJENIO<br \/>\n11.\tLJUBAV NA DALJINU<br \/>\n12.\tZRNO BOLA<\/p>\n","protected":false},"excerpt":{"rendered":"<p>1. DI\u0160EM ZA NAS 2. LJUBAVI 3. BILA JE BOLJA 4. SVE JE PROLAZNO OSIM TVOJE LJUBAVI 5. NEKAKO \u0106U TE PREBOLJETI 6. DAL&#8217; ON ZNA 7. \u010cUVAJ ME BO\u017dE 8. BALERINA OD STAKLA 9. SAD JE SVE DRUGA\u010cIJE 10. SVIJET SE PROMIJENIO 11. LJUBAV NA DALJINU 12. ZRNO BOLA<\/p>\n","protected":false},"featured_media":1308,"comment_status":"open","ping_status":"closed","template":"","meta":[],"product_brand":[],"product_cat":[31],"product_tag":[],"class_list":{"0":"post-1306","1":"product","2":"type-product","3":"status-publish","4":"has-post-thumbnail","6":"product_cat-cd","8":"first","9":"instock","10":"shipping-taxable","11":"purchasable","12":"product-type-simple"},"_links":{"self":[{"href":"https:\/\/webshop.hitrecords.hr\/index.php?rest_route=\/wp\/v2\/product\/1306","targetHints":{"allow":["GET"]}}],"collection":[{"href":"https:\/\/webshop.hitrecords.hr\/index.php?rest_route=\/wp\/v2\/product"}],"about":[{"href":"https:\/\/webshop.hitrecords.hr\/index.php?rest_route=\/wp\/v2\/types\/product"}],"replies":[{"embeddable":true,"href":"https:\/\/webshop.hitrecords.hr\/index.php?rest_route=%2Fwp%2Fv2%2Fcomments&post=1306"}],"wp:featuredmedia":[{"embeddable":true,"href":"https:\/\/webshop.hitrecords.hr\/index.php?rest_route=\/wp\/v2\/media\/1308"}],"wp:attachment":[{"href":"https:\/\/webshop.hitrecords.hr\/index.php?rest_route=%2Fwp%2Fv2%2Fmedia&parent=1306"}],"wp:term":[{"taxonomy":"product_brand","embeddable":true,"href":"https:\/\/webshop.hitrecords.hr\/index.php?rest_route=%2Fwp%2Fv2%2Fproduct_brand&post=1306"},{"taxonomy":"product_cat","embeddable":true,"href":"https:\/\/webshop.hitrecords.hr\/index.php?rest_route=%2Fwp%2Fv2%2Fproduct_cat&post=1306"},{"taxonomy":"product_tag","embeddable":true,"href":"https:\/\/webshop.hitrecords.hr\/index.php?rest_route=%2Fwp%2Fv2%2Fproduct_tag&post=1306"}],"curies":[{"name":"wp","href":"https:\/\/api.w.org\/{rel}","templated":true}]}}