{"id":608,"date":"2026-02-01T14:40:23","date_gmt":"2026-02-01T13:40:23","guid":{"rendered":"http:\/\/hitrecords.digesthub.com\/proizvod\/ljubav-nosi-tvoje-ime\/"},"modified":"2026-02-01T14:40:23","modified_gmt":"2026-02-01T13:40:23","slug":"ljubav-nosi-tvoje-ime","status":"publish","type":"product","link":"https:\/\/webshop.hitrecords.hr\/?product=ljubav-nosi-tvoje-ime","title":{"rendered":"LJUBAV NOSI TVOJE IME"},"content":{"rendered":"<p>Popis pjesama:<br \/>\n1.\tLjubav nosi tvoje ime<br \/>\n2.\tMoja draga<br \/>\n3.\tNekako \u0107u te preboljeti<br \/>\n4.\tBila si moja ljubav<br \/>\n5.\tSve si mi u ovom \u017eivotu<br \/>\n6.\tSve po 12 kuna<br \/>\n7.\tZaboravi<br \/>\n8.\tSamo ti<br \/>\n9.\tNema meni ljubavi<br \/>\n10.\tPro\u0161lo je deset godina<br \/>\n11.\tOtkad s tobom ne spavam (konc.remix)<\/p>\n","protected":false},"excerpt":{"rendered":"<p>Popis pjesama: 1. Ljubav nosi tvoje ime 2. Moja draga 3. Nekako \u0107u te preboljeti 4. Bila si moja ljubav 5. Sve si mi u ovom \u017eivotu 6. Sve po 12 kuna 7. Zaboravi 8. Samo ti 9. Nema meni ljubavi 10. Pro\u0161lo je deset godina 11. Otkad s tobom ne spavam (konc.remix)<\/p>\n","protected":false},"featured_media":609,"comment_status":"open","ping_status":"closed","template":"","meta":[],"product_brand":[],"product_cat":[31],"product_tag":[],"class_list":{"0":"post-608","1":"product","2":"type-product","3":"status-publish","4":"has-post-thumbnail","6":"product_cat-cd","8":"first","9":"instock","10":"shipping-taxable","11":"purchasable","12":"product-type-simple"},"_links":{"self":[{"href":"https:\/\/webshop.hitrecords.hr\/index.php?rest_route=\/wp\/v2\/product\/608","targetHints":{"allow":["GET"]}}],"collection":[{"href":"https:\/\/webshop.hitrecords.hr\/index.php?rest_route=\/wp\/v2\/product"}],"about":[{"href":"https:\/\/webshop.hitrecords.hr\/index.php?rest_route=\/wp\/v2\/types\/product"}],"replies":[{"embeddable":true,"href":"https:\/\/webshop.hitrecords.hr\/index.php?rest_route=%2Fwp%2Fv2%2Fcomments&post=608"}],"wp:featuredmedia":[{"embeddable":true,"href":"https:\/\/webshop.hitrecords.hr\/index.php?rest_route=\/wp\/v2\/media\/609"}],"wp:attachment":[{"href":"https:\/\/webshop.hitrecords.hr\/index.php?rest_route=%2Fwp%2Fv2%2Fmedia&parent=608"}],"wp:term":[{"taxonomy":"product_brand","embeddable":true,"href":"https:\/\/webshop.hitrecords.hr\/index.php?rest_route=%2Fwp%2Fv2%2Fproduct_brand&post=608"},{"taxonomy":"product_cat","embeddable":true,"href":"https:\/\/webshop.hitrecords.hr\/index.php?rest_route=%2Fwp%2Fv2%2Fproduct_cat&post=608"},{"taxonomy":"product_tag","embeddable":true,"href":"https:\/\/webshop.hitrecords.hr\/index.php?rest_route=%2Fwp%2Fv2%2Fproduct_tag&post=608"}],"curies":[{"name":"wp","href":"https:\/\/api.w.org\/{rel}","templated":true}]}}