{"id":659,"date":"2026-02-01T14:40:27","date_gmt":"2026-02-01T13:40:27","guid":{"rendered":"http:\/\/hitrecords.digesthub.com\/proizvod\/radujte-se-prijatelji\/"},"modified":"2026-02-01T14:40:27","modified_gmt":"2026-02-01T13:40:27","slug":"radujte-se-prijatelji","status":"publish","type":"product","link":"https:\/\/webshop.hitrecords.hr\/?product=radujte-se-prijatelji","title":{"rendered":"RADUJTE SE PRIJATELJI"},"content":{"rendered":"<p>Popis pjesama:<br \/>\n1.\tBoli, boli<br \/>\n2.\t\u0160umi, \u0161umi javore<br \/>\n3.\tIdi ne\u0107u zaplakati<br \/>\n4.\tDragi mi se \u017eeni<br \/>\n5.\tPoslu\u017ei nas sre\u0107o<br \/>\n6.\tOstarit&#8217; \u0107u \u010dekaju\u0107i na te<br \/>\n7.\tSrce u srce<br \/>\n8.\tSvatovi<br \/>\n9.\tKa\u017eu da te ostavim<br \/>\n10.\tNisi ti bio za mene<br \/>\n11.\tNije tebi do mene<br \/>\n12.\tZora je (live)<br \/>\n13.\tO\u010di tvoje govore (live)<br \/>\n14.\tDalamacijom zagrljeni<br \/>\n15.\tMegamix (Vrati se s ki\u0161om\/\u0160aj, rode \u0161aj\/Ne zovi me u pono\u0107)<br \/>\n16.\tTetova\u017ea<\/p>\n","protected":false},"excerpt":{"rendered":"<p>Popis pjesama: 1. Boli, boli 2. \u0160umi, \u0161umi javore 3. Idi ne\u0107u zaplakati 4. Dragi mi se \u017eeni 5. Poslu\u017ei nas sre\u0107o 6. Ostarit&#8217; \u0107u \u010dekaju\u0107i na te 7. Srce u srce 8. Svatovi 9. Ka\u017eu da te ostavim 10. Nisi ti bio za mene 11. Nije tebi do mene 12. Zora je (live) 13. [&hellip;]<\/p>\n","protected":false},"featured_media":660,"comment_status":"open","ping_status":"closed","template":"","meta":[],"product_brand":[],"product_cat":[31],"product_tag":[],"class_list":{"0":"post-659","1":"product","2":"type-product","3":"status-publish","4":"has-post-thumbnail","6":"product_cat-cd","8":"first","9":"instock","10":"shipping-taxable","11":"purchasable","12":"product-type-simple"},"_links":{"self":[{"href":"https:\/\/webshop.hitrecords.hr\/index.php?rest_route=\/wp\/v2\/product\/659","targetHints":{"allow":["GET"]}}],"collection":[{"href":"https:\/\/webshop.hitrecords.hr\/index.php?rest_route=\/wp\/v2\/product"}],"about":[{"href":"https:\/\/webshop.hitrecords.hr\/index.php?rest_route=\/wp\/v2\/types\/product"}],"replies":[{"embeddable":true,"href":"https:\/\/webshop.hitrecords.hr\/index.php?rest_route=%2Fwp%2Fv2%2Fcomments&post=659"}],"wp:featuredmedia":[{"embeddable":true,"href":"https:\/\/webshop.hitrecords.hr\/index.php?rest_route=\/wp\/v2\/media\/660"}],"wp:attachment":[{"href":"https:\/\/webshop.hitrecords.hr\/index.php?rest_route=%2Fwp%2Fv2%2Fmedia&parent=659"}],"wp:term":[{"taxonomy":"product_brand","embeddable":true,"href":"https:\/\/webshop.hitrecords.hr\/index.php?rest_route=%2Fwp%2Fv2%2Fproduct_brand&post=659"},{"taxonomy":"product_cat","embeddable":true,"href":"https:\/\/webshop.hitrecords.hr\/index.php?rest_route=%2Fwp%2Fv2%2Fproduct_cat&post=659"},{"taxonomy":"product_tag","embeddable":true,"href":"https:\/\/webshop.hitrecords.hr\/index.php?rest_route=%2Fwp%2Fv2%2Fproduct_tag&post=659"}],"curies":[{"name":"wp","href":"https:\/\/api.w.org\/{rel}","templated":true}]}}