{"id":803,"date":"2026-02-01T14:40:42","date_gmt":"2026-02-01T13:40:42","guid":{"rendered":"http:\/\/hitrecords.digesthub.com\/proizvod\/bozic-je\/"},"modified":"2026-02-01T14:40:42","modified_gmt":"2026-02-01T13:40:42","slug":"bozic-je","status":"publish","type":"product","link":"https:\/\/webshop.hitrecords.hr\/?product=bozic-je","title":{"rendered":"Bo\u017ei\u0107 je &#8230;"},"content":{"rendered":"<p>Popis pjesama:<br \/>\n1.\tVeselje ti navje\u0161\u0107ujem<br \/>\n2.\tJingle Bells<br \/>\n3.\tBo\u017ei\u0107 je tu<br \/>\n4.\tRadujte se narodi<br \/>\n5.\tSvim na zemlji, mir, veselje<br \/>\n6.\tTiha no\u0107<br \/>\n7.\tHappy Christmas (War is ower)<br \/>\n8.\tNa Bo\u017ei\u0107 sama<br \/>\n9.\tKyrie Eleison<br \/>\n10.\tChristmas song<br \/>\n11.\tDjete\u0161ce nam se rodilo<br \/>\n12.\tBijeli Bo\u017ei\u0107<br \/>\n13.\tOj, Pastiri \u010dudo jedno<br \/>\n14.\tZapjevajte narodi<br \/>\n15.\tNoina arka<br \/>\n16.\tNarodi nam se<br \/>\n17.\tAve Maria (Instrumental)<\/p>\n","protected":false},"excerpt":{"rendered":"<p>Popis pjesama: 1. Veselje ti navje\u0161\u0107ujem 2. Jingle Bells 3. Bo\u017ei\u0107 je tu 4. Radujte se narodi 5. Svim na zemlji, mir, veselje 6. Tiha no\u0107 7. Happy Christmas (War is ower) 8. Na Bo\u017ei\u0107 sama 9. Kyrie Eleison 10. Christmas song 11. Djete\u0161ce nam se rodilo 12. Bijeli Bo\u017ei\u0107 13. Oj, Pastiri \u010dudo jedno [&hellip;]<\/p>\n","protected":false},"featured_media":805,"comment_status":"open","ping_status":"closed","template":"","meta":[],"product_brand":[],"product_cat":[31],"product_tag":[],"class_list":{"0":"post-803","1":"product","2":"type-product","3":"status-publish","4":"has-post-thumbnail","6":"product_cat-cd","8":"first","9":"instock","10":"shipping-taxable","11":"purchasable","12":"product-type-simple"},"_links":{"self":[{"href":"https:\/\/webshop.hitrecords.hr\/index.php?rest_route=\/wp\/v2\/product\/803","targetHints":{"allow":["GET"]}}],"collection":[{"href":"https:\/\/webshop.hitrecords.hr\/index.php?rest_route=\/wp\/v2\/product"}],"about":[{"href":"https:\/\/webshop.hitrecords.hr\/index.php?rest_route=\/wp\/v2\/types\/product"}],"replies":[{"embeddable":true,"href":"https:\/\/webshop.hitrecords.hr\/index.php?rest_route=%2Fwp%2Fv2%2Fcomments&post=803"}],"wp:featuredmedia":[{"embeddable":true,"href":"https:\/\/webshop.hitrecords.hr\/index.php?rest_route=\/wp\/v2\/media\/805"}],"wp:attachment":[{"href":"https:\/\/webshop.hitrecords.hr\/index.php?rest_route=%2Fwp%2Fv2%2Fmedia&parent=803"}],"wp:term":[{"taxonomy":"product_brand","embeddable":true,"href":"https:\/\/webshop.hitrecords.hr\/index.php?rest_route=%2Fwp%2Fv2%2Fproduct_brand&post=803"},{"taxonomy":"product_cat","embeddable":true,"href":"https:\/\/webshop.hitrecords.hr\/index.php?rest_route=%2Fwp%2Fv2%2Fproduct_cat&post=803"},{"taxonomy":"product_tag","embeddable":true,"href":"https:\/\/webshop.hitrecords.hr\/index.php?rest_route=%2Fwp%2Fv2%2Fproduct_tag&post=803"}],"curies":[{"name":"wp","href":"https:\/\/api.w.org\/{rel}","templated":true}]}}