{"id":887,"date":"2026-02-01T14:40:51","date_gmt":"2026-02-01T13:40:51","guid":{"rendered":"http:\/\/hitrecords.digesthub.com\/proizvod\/deseti\/"},"modified":"2026-02-01T14:40:51","modified_gmt":"2026-02-01T13:40:51","slug":"deseti","status":"publish","type":"product","link":"https:\/\/webshop.hitrecords.hr\/?product=deseti","title":{"rendered":"DESETI"},"content":{"rendered":"<p>Popis pjesama:<br \/>\n1.\tDobro jutro biv\u0161a moja<br \/>\n2.\tSvadba (feat. Tifa)<br \/>\n3.\tNe gledaj me tako<br \/>\n4.\tOsmijeh<br \/>\n5.\tOtkud ti<br \/>\n6.\tA no\u0107 nudi plan<br \/>\n7.\tNa\u0161a pjesma<br \/>\n8.\tJo\u0161 jedna o njoj<br \/>\n9.\tKad sve zbrojimo<br \/>\nBonus tracks:<br \/>\n10.\tNa\u0161a pjesma (dj Pucko remix)<br \/>\n11.\tSvadba (dj Pucko rumba remix)<\/p>\n","protected":false},"excerpt":{"rendered":"<p>Popis pjesama: 1. Dobro jutro biv\u0161a moja 2. Svadba (feat. Tifa) 3. Ne gledaj me tako 4. Osmijeh 5. Otkud ti 6. A no\u0107 nudi plan 7. Na\u0161a pjesma 8. Jo\u0161 jedna o njoj 9. Kad sve zbrojimo Bonus tracks: 10. Na\u0161a pjesma (dj Pucko remix) 11. Svadba (dj Pucko rumba remix)<\/p>\n","protected":false},"featured_media":888,"comment_status":"open","ping_status":"closed","template":"","meta":[],"product_brand":[],"product_cat":[31],"product_tag":[],"class_list":{"0":"post-887","1":"product","2":"type-product","3":"status-publish","4":"has-post-thumbnail","6":"product_cat-cd","8":"first","9":"instock","10":"shipping-taxable","11":"purchasable","12":"product-type-simple"},"_links":{"self":[{"href":"https:\/\/webshop.hitrecords.hr\/index.php?rest_route=\/wp\/v2\/product\/887","targetHints":{"allow":["GET"]}}],"collection":[{"href":"https:\/\/webshop.hitrecords.hr\/index.php?rest_route=\/wp\/v2\/product"}],"about":[{"href":"https:\/\/webshop.hitrecords.hr\/index.php?rest_route=\/wp\/v2\/types\/product"}],"replies":[{"embeddable":true,"href":"https:\/\/webshop.hitrecords.hr\/index.php?rest_route=%2Fwp%2Fv2%2Fcomments&post=887"}],"wp:featuredmedia":[{"embeddable":true,"href":"https:\/\/webshop.hitrecords.hr\/index.php?rest_route=\/wp\/v2\/media\/888"}],"wp:attachment":[{"href":"https:\/\/webshop.hitrecords.hr\/index.php?rest_route=%2Fwp%2Fv2%2Fmedia&parent=887"}],"wp:term":[{"taxonomy":"product_brand","embeddable":true,"href":"https:\/\/webshop.hitrecords.hr\/index.php?rest_route=%2Fwp%2Fv2%2Fproduct_brand&post=887"},{"taxonomy":"product_cat","embeddable":true,"href":"https:\/\/webshop.hitrecords.hr\/index.php?rest_route=%2Fwp%2Fv2%2Fproduct_cat&post=887"},{"taxonomy":"product_tag","embeddable":true,"href":"https:\/\/webshop.hitrecords.hr\/index.php?rest_route=%2Fwp%2Fv2%2Fproduct_tag&post=887"}],"curies":[{"name":"wp","href":"https:\/\/api.w.org\/{rel}","templated":true}]}}