{"id":894,"date":"2026-02-01T14:40:52","date_gmt":"2026-02-01T13:40:52","guid":{"rendered":"http:\/\/hitrecords.digesthub.com\/proizvod\/croatian-summer-by-alka\/"},"modified":"2026-02-01T14:40:52","modified_gmt":"2026-02-01T13:40:52","slug":"croatian-summer-by-alka","status":"publish","type":"product","link":"https:\/\/webshop.hitrecords.hr\/?product=croatian-summer-by-alka","title":{"rendered":"CROATIAN SUMMER BY ALKA"},"content":{"rendered":"<p>Popis pjesama:<br \/>\n1.\tCroatian Summer<br \/>\n2.\t\u017denska Posada<br \/>\n3.\tBoje Croatie<br \/>\n4.\tHitna Pomo\u0107<br \/>\n5.\tJedna Ljubav Prava<br \/>\n6.\tVatrene za Vatrene<br \/>\n7.\tRundu daj<br \/>\n8.\tSad se vadi<br \/>\n9.\tLa\u017ei me<br \/>\n10.\tOkus meda<\/p>\n","protected":false},"excerpt":{"rendered":"<p>Popis pjesama: 1. Croatian Summer 2. \u017denska Posada 3. Boje Croatie 4. Hitna Pomo\u0107 5. Jedna Ljubav Prava 6. Vatrene za Vatrene 7. Rundu daj 8. Sad se vadi 9. La\u017ei me 10. Okus meda<\/p>\n","protected":false},"featured_media":895,"comment_status":"open","ping_status":"closed","template":"","meta":[],"product_brand":[],"product_cat":[31],"product_tag":[],"class_list":{"0":"post-894","1":"product","2":"type-product","3":"status-publish","4":"has-post-thumbnail","6":"product_cat-cd","8":"first","9":"instock","10":"shipping-taxable","11":"purchasable","12":"product-type-simple"},"_links":{"self":[{"href":"https:\/\/webshop.hitrecords.hr\/index.php?rest_route=\/wp\/v2\/product\/894","targetHints":{"allow":["GET"]}}],"collection":[{"href":"https:\/\/webshop.hitrecords.hr\/index.php?rest_route=\/wp\/v2\/product"}],"about":[{"href":"https:\/\/webshop.hitrecords.hr\/index.php?rest_route=\/wp\/v2\/types\/product"}],"replies":[{"embeddable":true,"href":"https:\/\/webshop.hitrecords.hr\/index.php?rest_route=%2Fwp%2Fv2%2Fcomments&post=894"}],"wp:featuredmedia":[{"embeddable":true,"href":"https:\/\/webshop.hitrecords.hr\/index.php?rest_route=\/wp\/v2\/media\/895"}],"wp:attachment":[{"href":"https:\/\/webshop.hitrecords.hr\/index.php?rest_route=%2Fwp%2Fv2%2Fmedia&parent=894"}],"wp:term":[{"taxonomy":"product_brand","embeddable":true,"href":"https:\/\/webshop.hitrecords.hr\/index.php?rest_route=%2Fwp%2Fv2%2Fproduct_brand&post=894"},{"taxonomy":"product_cat","embeddable":true,"href":"https:\/\/webshop.hitrecords.hr\/index.php?rest_route=%2Fwp%2Fv2%2Fproduct_cat&post=894"},{"taxonomy":"product_tag","embeddable":true,"href":"https:\/\/webshop.hitrecords.hr\/index.php?rest_route=%2Fwp%2Fv2%2Fproduct_tag&post=894"}],"curies":[{"name":"wp","href":"https:\/\/api.w.org\/{rel}","templated":true}]}}