{"id":898,"date":"2026-02-01T14:40:52","date_gmt":"2026-02-01T13:40:52","guid":{"rendered":"http:\/\/hitrecords.digesthub.com\/proizvod\/remek-djelo\/"},"modified":"2026-02-01T14:40:52","modified_gmt":"2026-02-01T13:40:52","slug":"remek-djelo","status":"publish","type":"product","link":"https:\/\/webshop.hitrecords.hr\/?product=remek-djelo","title":{"rendered":"REMEK DJELO"},"content":{"rendered":"<p>Popis pjesama:<br \/>\n1.\tRemek Djelo<br \/>\n2.\tKada \u017eene tulumare<br \/>\n3.\tKamatarka<br \/>\n4.\tSto godina samo\u0107e<br \/>\n5.\tPokajnik<br \/>\n6.\tNije Mu\u0161ko<br \/>\n7.\tJa Ti Mogu Biti Tata<br \/>\n8.\tBailando solo<br \/>\n9.\tOna<br \/>\n10.\tNeznalica<\/p>\n","protected":false},"excerpt":{"rendered":"<p>Popis pjesama: 1. Remek Djelo 2. Kada \u017eene tulumare 3. Kamatarka 4. Sto godina samo\u0107e 5. Pokajnik 6. Nije Mu\u0161ko 7. Ja Ti Mogu Biti Tata 8. Bailando solo 9. Ona 10. Neznalica<\/p>\n","protected":false},"featured_media":900,"comment_status":"open","ping_status":"closed","template":"","meta":[],"product_brand":[],"product_cat":[31],"product_tag":[],"class_list":{"0":"post-898","1":"product","2":"type-product","3":"status-publish","4":"has-post-thumbnail","6":"product_cat-cd","8":"first","9":"instock","10":"shipping-taxable","11":"purchasable","12":"product-type-simple"},"_links":{"self":[{"href":"https:\/\/webshop.hitrecords.hr\/index.php?rest_route=\/wp\/v2\/product\/898","targetHints":{"allow":["GET"]}}],"collection":[{"href":"https:\/\/webshop.hitrecords.hr\/index.php?rest_route=\/wp\/v2\/product"}],"about":[{"href":"https:\/\/webshop.hitrecords.hr\/index.php?rest_route=\/wp\/v2\/types\/product"}],"replies":[{"embeddable":true,"href":"https:\/\/webshop.hitrecords.hr\/index.php?rest_route=%2Fwp%2Fv2%2Fcomments&post=898"}],"wp:featuredmedia":[{"embeddable":true,"href":"https:\/\/webshop.hitrecords.hr\/index.php?rest_route=\/wp\/v2\/media\/900"}],"wp:attachment":[{"href":"https:\/\/webshop.hitrecords.hr\/index.php?rest_route=%2Fwp%2Fv2%2Fmedia&parent=898"}],"wp:term":[{"taxonomy":"product_brand","embeddable":true,"href":"https:\/\/webshop.hitrecords.hr\/index.php?rest_route=%2Fwp%2Fv2%2Fproduct_brand&post=898"},{"taxonomy":"product_cat","embeddable":true,"href":"https:\/\/webshop.hitrecords.hr\/index.php?rest_route=%2Fwp%2Fv2%2Fproduct_cat&post=898"},{"taxonomy":"product_tag","embeddable":true,"href":"https:\/\/webshop.hitrecords.hr\/index.php?rest_route=%2Fwp%2Fv2%2Fproduct_tag&post=898"}],"curies":[{"name":"wp","href":"https:\/\/api.w.org\/{rel}","templated":true}]}}