{"id":906,"date":"2026-02-01T14:40:53","date_gmt":"2026-02-01T13:40:53","guid":{"rendered":"http:\/\/hitrecords.digesthub.com\/proizvod\/pjaca-moga-grada\/"},"modified":"2026-02-01T14:40:53","modified_gmt":"2026-02-01T13:40:53","slug":"pjaca-moga-grada","status":"publish","type":"product","link":"https:\/\/webshop.hitrecords.hr\/?product=pjaca-moga-grada","title":{"rendered":"PJACA MOGA GRADA"},"content":{"rendered":"<p>Popis pjesama:<br \/>\n1.\tPjaca Moga Grada<br \/>\n2.\tPismo moja ljubljena<br \/>\n3.\tU tebe sam zaljubljen<br \/>\n4.\tNemoj i\u0107i s njim<br \/>\n5.\tPuste bi \u0161olde majko da<br \/>\n6.\tAn\u0111ela<br \/>\n7.\tBez tebe \u017eivot mi ne vridi<br \/>\n8.\tDa te nisam volio<br \/>\n9.\tKazna<br \/>\n10.\tSretan ti ro\u0111endan mama<br \/>\n11.\tZbogom<br \/>\n12.\tOprosti mi<\/p>\n","protected":false},"excerpt":{"rendered":"<p>Popis pjesama: 1. Pjaca Moga Grada 2. Pismo moja ljubljena 3. U tebe sam zaljubljen 4. Nemoj i\u0107i s njim 5. Puste bi \u0161olde majko da 6. An\u0111ela 7. Bez tebe \u017eivot mi ne vridi 8. Da te nisam volio 9. Kazna 10. Sretan ti ro\u0111endan mama 11. Zbogom 12. Oprosti mi<\/p>\n","protected":false},"featured_media":908,"comment_status":"open","ping_status":"closed","template":"","meta":[],"product_brand":[],"product_cat":[31],"product_tag":[],"class_list":{"0":"post-906","1":"product","2":"type-product","3":"status-publish","4":"has-post-thumbnail","6":"product_cat-cd","8":"first","9":"instock","10":"shipping-taxable","11":"purchasable","12":"product-type-simple"},"_links":{"self":[{"href":"https:\/\/webshop.hitrecords.hr\/index.php?rest_route=\/wp\/v2\/product\/906","targetHints":{"allow":["GET"]}}],"collection":[{"href":"https:\/\/webshop.hitrecords.hr\/index.php?rest_route=\/wp\/v2\/product"}],"about":[{"href":"https:\/\/webshop.hitrecords.hr\/index.php?rest_route=\/wp\/v2\/types\/product"}],"replies":[{"embeddable":true,"href":"https:\/\/webshop.hitrecords.hr\/index.php?rest_route=%2Fwp%2Fv2%2Fcomments&post=906"}],"wp:featuredmedia":[{"embeddable":true,"href":"https:\/\/webshop.hitrecords.hr\/index.php?rest_route=\/wp\/v2\/media\/908"}],"wp:attachment":[{"href":"https:\/\/webshop.hitrecords.hr\/index.php?rest_route=%2Fwp%2Fv2%2Fmedia&parent=906"}],"wp:term":[{"taxonomy":"product_brand","embeddable":true,"href":"https:\/\/webshop.hitrecords.hr\/index.php?rest_route=%2Fwp%2Fv2%2Fproduct_brand&post=906"},{"taxonomy":"product_cat","embeddable":true,"href":"https:\/\/webshop.hitrecords.hr\/index.php?rest_route=%2Fwp%2Fv2%2Fproduct_cat&post=906"},{"taxonomy":"product_tag","embeddable":true,"href":"https:\/\/webshop.hitrecords.hr\/index.php?rest_route=%2Fwp%2Fv2%2Fproduct_tag&post=906"}],"curies":[{"name":"wp","href":"https:\/\/api.w.org\/{rel}","templated":true}]}}